 5, what is -41010 - 2?
-41012
In base 14, what is -2a0 - 2?
-2a2
In base 12, what is 209 - -a?
217
In base 11, what is -17 + -43?
-5a
In base 9, what is 6 + -131?
-124
In base 3, what is -1100 + -202?
-2002
In base 14, what is 2 - 260?
-25c
In base 13, what is 6 + 174?
17a
In base 16, what is 4 - -247?
24b
In base 15, what is 11d - -3?
121
In base 14, what is -4 + -184?
-188
In base 12, what is 10 + 36?
46
In base 12, what is 325 - 3?
322
In base 7, what is 5 - -113?
121
In base 8, what is -2 - -465?
463
In base 8, what is -560 + -23?
-603
In base 13, what is -173 - -5?
-16b
In base 2, what is -10101010 - 1010?
-10110100
In base 16, what is -1171 + 3?
-116e
In base 2, what is 111011011 + 10010?
111101101
In base 4, what is 112021 + -11?
112010
In base 8, what is -5 - 3254?
-3261
In base 16, what is 64 + -3?
61
In base 13, what is -2 - -18c?
18a
In base 13, what is -5 - 146?
-14b
In base 3, what is 121 - 2022?
-1201
In base 16, what is -5 - -229?
224
In base 10, what is -2 - -57?
55
In base 4, what is -103 - -1311?
1202
In base 8, what is 36 - 301?
-243
In base 9, what is -50 + -2?
-52
In base 12, what is -95 - -96?
1
In base 7, what is -553 - 2?
-555
In base 14, what is -25 - -13?
-12
In base 11, what is -572 + 4?
-569
In base 13, what is 4 - -57?
5b
In base 10, what is 2 - 42?
-40
In base 10, what is -215 + 5?
-210
In base 11, what is -2 + 62?
60
In base 13, what is -b7 + 0?
-b7
In base 12, what is 5b8 - -5?
601
In base 15, what is -1 - 1e?
-20
In base 10, what is -1712 + 0?
-1712
In base 10, what is 34 - 0?
34
In base 8, what is 20 - 117?
-77
In base 16, what is 2 + -3a?
-38
In base 14, what is -2 + -169?
-16b
In base 9, what is 46 - -37?
84
In base 9, what is -34 + 3?
-31
In base 12, what is 2 + -4b7?
-4b5
In base 5, what is -11 + 104?
43
In base 9, what is -2 + -43?
-45
In base 8, what is 42 + -125?
-63
In base 2, what is 11001110 - 1?
11001101
In base 2, what is -110101001 + 1001?
-110100000
In base 15, what is -9e + 2?
-9c
In base 7, what is -36 - 245?
-314
In base 8, what is -11 - 54?
-65
In base 8, what is 310 + 1?
311
In base 14, what is -5 + -ad1?
-ad6
In base 7, what is -2 - 443?
-445
In base 8, what is -2 - -100?
76
In base 6, what is 5 - 1451?
-1442
In base 10, what is -1 - -1?
0
In base 13, what is -23 - 8?
-2b
In base 15, what is -d59 - 4?
-d5d
In base 5, what is 0 + -241?
-241
In base 9, what is 122 + -37?
74
In base 12, what is -5 + -1048?
-1051
In base 4, what is -1000 + 1?
-333
In base 14, what is 6 + -4?
2
In base 12, what is -331 - b?
-340
In base 16, what is -7f - 0?
-7f
In base 3, what is -2021 + -111?
-2202
In base 12, what is 117 + 1a?
135
In base 7, what is -1 + -130?
-131
In base 15, what is -2e9e + -5?
-2ea4
In base 10, what is -42 + -14?
-56
In base 7, what is -140 - 33?
-203
In base 15, what is -3 - 15?
-18
In base 11, what is -15 - 102?
-117
In base 2, what is 101001110 + 1?
101001111
In base 13, what is -20c - 3?
-212
In base 3, what is -12 - -1112100?
1112011
In base 13, what is -7 - -8?
1
In base 8, what is -114 - -4?
-110
In base 3, what is -10 + 120201?
120121
In base 7, what is -6 - 2233?
-2242
In base 12, what is 3b7 + -2?
3b5
In base 2, what is 11 - 100100101?
-100100010
In base 4, what is -13 - -322?
303
In base 4, what is -10 + 32032?
32022
In base 5, what is 13 - -444?
1012
In base 8, what is 7 + -15?
-6
In base 5, what is -22330 - 10?
-22340
In base 6, what is -5 - -254?
245
In base 16, what is -1 + 31?
30
In base 7, what is -3514 - 2?
-3516
In base 14, what is -d7 + 0?
-d7
In base 10, what is 0 - -990?
990
In base 8, what is -1 + 400?
377
In base 5, what is -11 - -4004?
3443
In base 16, what is 3 - a0?
-9d
In base 11, what is -49 - 3?
-51
In base 5, what is -4 + 12144?
12140
In base 9, what is 1 - -180?
181
In base 11, what is a - 14?
-5
In base 9, what is -2815 + -5?
-2821
In base 13, what is a + -17a?
-170
In base 4, what is 100 - -12?
112
In base 12, what is 0 - 49?
-49
In base 16, what is -b - 15?
-20
In base 12, what is -107 + -2?
-109
In base 11, what is 17 + -80?
-64
In base 12, what is 584 - 2?
582
In base 3, what is 121 + 12?
210
In base 15, what is 866 + -4?
862
In base 14, what is -6dc + 7?
-6d5
In base 13, what is 1a1 + -5?
199
In base 10, what is 0 - -63?
63
In base 7, what is -3 - -1431?
1425
In base 15, what is 0 + -4c?
-4c
In base 14, what is -6bd - 1?
-6c0
In base 6, what is 33 - 20?
13
In base 13, what is -123 + 3?
-120
In base 7, what is 34 + 131?
165
In base 7, what is -10 - 3?
-13
In base 11, what is 4279 - 4?
4275
In base 11, what is 10 + 80?
90
In base 15, what is 5 - -17?
1c
In base 16, what is -1 + -66?
-67
In base 3, what is -100211 - 0?
-100211
In base 16, what is 13 + 7f?
92
In base 15, what is 3e + 2c?
6b
In base 6, what is 50 - 101?
-11
In base 6, what is 3 + -24314?
-24311
In base 15, what is 7 + -2d?
-26
In base 15, what is -155 - -17?
-13d
In base 14, what is 13 + 20?
33
In base 6, what is 3 - 2252?
-2245
In base 11, what is 9 - -2?
10
In base 11, what is -674 - -1?
-673
In base 8, what is -1427 - 1?
-1430
In base 8, what is 2 + 526?
530
In base 10, what is -48 + 397?
349
In base 16, what is 1 + b6?
b7
In base 6, what is -2405 + 2?
-2403
In base 4, what is 10 + -1300?
-1230
In base 9, what is 4 + 8?
13
In base 2, what is -10001101 + 110?
-10000111
In base 13, what is 7 + -24?
-1a
In base 14, what is -10 + -1aa?
-1ba
In base 12, what is -14 - 232?
-246
In base 11, what is 1 - -9?
a
In base 7, what is 220 + -54?
133
In base 2, what is 101 - 111000?
-110011
In base 6, what is -25 - -2520?
2451
In base 14, what is 52b + -4?
527
In base 8, what is 240 - 1?
237
In base 8, what is 306 - -3?
311
In base 2, what is -1011001101 - 111?
-1011010100
In base 16, what is -34 + -3c?
-70
In base 3, what is -11 - -2210?
2122
In base 13, what is -34a + -1?
-34b
In base 10, what is 186 - -5?
191
In base 14, what is -2 + 1aa?
1a8
In base 4, what is 123 - 303?
-120
In base 4, what is -2 - 10012?
-10020
In base 4, what is -10 + -1122?
-1132
In base 12, what is -8 + -16?
-22
In base 16, what is -5 - -31?
2c
In base 11, what is 4 - 3?
1
In base 4, what is -1 + -2?
-3
In base 3, what is 1 - 1220?
-1212
In base 4, what is 100120 + -12?
100102
In base 15, what is 10 - 3?
c
In base 9, what is 175 - 1?
174
In base 11, what is -4 + -7a?
-83
In base 8, what is -10 + 10?
0
In base 15, what is -a1 - -1?
-a0
In base 12, what is -3 - -bb5?
bb2
In base 5, what is -2 - -1033?
1031
In base 14, what is -4 + 150?
14a
In base 5, what is -13 + -123?
-141
In base 2, what is 11010100 - 1101?
11000111
In base 6, what is 14 - -103?
121
In base 4, what is 20 + 12?
32
In base 5, what is 12 - 42?
-30
In base 2, what is -101100011 - -1?
-101100010
In base 6, what is 44 + 13?
101
In base 4, what is 3 - -310?
313
In base 9, what is 2 + -3774?
-3772
In base 15, what is 7 + -4?
3
In base 14, what is -16308 + -4?
-1630c
In base 10, what is -306 - 4?
-310
In base 14, what is -4b3 - -1?
-4b2
In base 10, what is 1 + 1484?
1485
In base 7, what is 14221 + -5?
14213
In base 2, what is 100 - -1011100?
1100000
In base 14, what is -2 - -4?
2
In base 6, what is -211 + 1?
-210
In base 13, what is c9 + -3?
c6
In base 8, what is 317 + -4?
313
In base 5, what is -10 + 31011?
31001
In base 11, what is 36 - -a9?
134
In base 15, what is 1b - -8?
24
In base 5, what is -13 - -13?
0
In base 12, what is 90 - 2?
8a
In base 3, what is -1122122 - -1?
-1122121
In base 9, what is 555 - -5?
561
In base 14, what is 5d + 7?
66
In base 11, what is -2 - -526?
524
In base 15, what is -1 + 93?
92
In base 16, what is -2 + -2ae?
-2b0
In base 13, what is -2a0 - 5?
-2a5
In base 4, what is 232 - -11?
303
In base 13, what is -2c - 72?
-a1
In base 15, what is -1 - 70?
-71
In base 9, what is 213 - 2?
211
In base 4, what is -23 - 3?
-32
In base 16, what is 14 - 1?
13
In base 2, what is 10 - -111001001?
111001011
In base 15, what is 197e + 4?
1983
In base 13, what is 0 - -724?
724
In base 13, what is -7 + -56?
-60
In base 9, what is -5 - 127?
-133
In base 11, what is -57 - 398?
-444
In base 6, what is 4 + 30?
34
In base 3, what is -2 + 1210012?
1210010
In base 2, what is 0 + -100111?
-100111
In base 8, what is 265 + -7?
256
In base 9, what is 61640 + -5?
61634
In base 3, what is 12002210 + 12?
12002222
In base 16, what is 100 + 2?
102
In base 16, what is -4 -